*x - 163*x**3 - w*x**2 + 80*x**3. Give y(6).
-4
Let k(d) = d - 6. Let n = -41 + 50. Let f be k(n). Let g(i) = -2*i**f - 26 + i**3 + 35 + 6*i**2 - 2*i. Give g(6).
-3
Let s = 46 - 69. Let a(b) = b**2 + 24*b + 18. Let c be a(s). Let w(g) be the second derivative of g**4/12 + 4*g**3/3 + 2*g**2 + g. Give w(c).
-11
Let l = 118 + -122. Let t be (-23)/l - (-35)/140. Let y(d) = -2*d + 5. Calculate y(t).
-7
Let g = 198 - 203. Let z(r) = -8*r - 7. Let j(l) = -3*l - 3. Let f(i) = g*j(i) + 2*z(i). Calculate f(-1).
2
Let j be (108/(-45) + 2)*-5. Let z(o) be the second derivative of -1/2*o**j + 0 + 9*o - 13/6*o**3. Calculate z(-1).
12
Suppose -2*g + 65 = -7*g. Let x = -8 - g. Let t(u) be the third derivative of -u**4/24 - u**3/6 + 3*u**2 + 78*u + 4. What is t(x)?
-6
Let i(u) = -6*u + 49. Let f = -2779 + 2789. What is i(f)?
-11
Let c(y) = y**2 + 46*y + 245. Let a be c(-40). Let t(n) = -a + 36 - 34 - n**2 + n. Give t(5).
-23
Let v(u) be the third derivative of -u**5/120 + u**4/24 + 49*u**3/3 + 23*u**2 - 2*u. Let c(s) be the first derivative of v(s). Give c(6).
-5
Let m(t) be the second derivative of t**4/12 + 5*t**3/3 - 2*t**2 + 151*t + 5. Calculate m(-6).
-28
Let i(v) = -2*v**2 + 2*v. Suppose a - h = -10, -5*h - 610 + 652 = -3*a. Calculate i(a).
-40
Let t = 118 + -114. Let i(b) = -b**3 + 6*b**2 - 12. Let w be i(t). Let x be (w/(-4))/(2/2). Let f(v) = v + 7. Calculate f(x).
2
Let n(b) = -b**2 - 18*b + 109. Suppose 0 = -555*z + 445*z - 2420. Calculate n(z).
21
Let g = -3 - -6. Let r(v) = -v**2 - 317*v + 2. Let b(d) = 7*d**2 + 1894*d - 1. Let t(h) = -b(h) - 6*r(h). Determine t(g).
4
Let q be -259 - 8*(-5)/10. Let p be (-1)/(q/50 + 5). Let d(j) = -6 + j**2 + 1 - 10*j + p. What is d(9)?
-4
Suppose -481 = -123*i - 19*i + 87. Let x(r) = 45*r - 188. Determine x(i).
-8
Let b(u) = 5*u**2 - 10*u - 4. Let i(t) = t**2 - t. Let p(f) = -b(f) + 4*i(f). Suppose 4*q + 3*y - 34 = 0, 17*q - 14*q + y - 23 = 0. Give p(q).
-3
Let b(y) = y**2 + 11*y + 12. Let i(q) = -q**2 - 4*q - 5. Let p be i(-5). Let o be (648/p)/6 + (-4)/(-5). Give b(o).
2
Suppose l + 5*h - 11 = 0, 4*l + 5 = 5*h + 24. Suppose 48 = l*n + 2*n. Let d(p) be the first derivative of -p**2/2 - 22. What is d(n)?
-6
Let t(m) = -m**3 - 6*m**2 - 10*m - 4. Let b be t(-4). Suppose -b = -19*y + 18*y. Let o(d) = d**2 - 9*d + 4. Give o(y).
-16
Let d(y) = 2*y**3 + 15*y**2 - 3*y - 19. Let x(p) = 10*p**3 + 74*p**2 - 11*p - 98. Let m(r) = 11*d(r) - 2*x(r). Give m(-9).
5
Let s(q) be the first derivative of -q**3/6 + 6*q**2 + 25*q - 92. Let i(n) be the first derivative of s(n). Calculate i(16).
-4
Suppose -16*k - 18 = -19*k. Suppose 2*p = -2*r - 2*r - 216, k = -3*r. Let f = -107 - p. Let q(a) = -4*a - 1. Calculate q(f).
11
Let n(f) = -4*f - 18. Let s(m) = -2*m - 9. Let o(j) = 6*n(j) - 11*s(j). Suppose 33*w = 32*w - 101. Let p = w - -95. Calculate o(p).
3
Suppose 32*s = 31*s. Let y(r) = -6*r + 7*r + r - 13 + s*r. Give y(8).
3
Let x(s) be the second derivative of s**5/20 + 17*s**4/12 - s**3/3 - 16*s**2 - 1620*s. Calculate x(-17).
2
Suppose 4*k - 33 = 63. Let h be (k/(-30))/((-3)/(-15)). Let i(j) = 3*j + 5. Let w(l) = -3*l - 5. Let y(f) = 3*i(f) + 4*w(f). Determine y(h).
7
Suppose -3*w + 0*a = a + 18, -2*a + 30 = -5*w. Suppose -5*z - 19 - 1 = 0, -5*z = -n + 31. Let i(p) = -9*p - n*p + 26*p - 5 - 8*p. Calculate i(w).
7
Let h(i) = i**2 + 5*i - 4. Let g be 12/66 - (-6)/33*-45. Let s be -1 + g - 3/((-12)/16). Calculate h(s).
-4
Let j(a) = -a + 11. Let t(n) = 6*n - 31. Let o be (-2)/(-4)*9*2. Let f be t(o). Suppose 2*r = -0*v + 5*v + f, -5*v = -4*r + 41. Calculate j(r).
2
Let w(p) = p**2 - 6*p + 3. Let l be w(6). Let o(r) be the second derivative of 1/2*r**2 + 35*r - 2 + r**3. Calculate o(l).
19
Let n(p) = p**3 - 7*p**2 + 5*p - 2. Let z(s) = 17*s - 50. Let w be z(-25). Let q = w + 481. Calculate n(q).
-8
Let b(n) = 9*n - 187. Let z be b(21). Let l(g) = -2320*g - 6*g**z + 2 - 1 + 2322*g. Calculate l(2).
-19
Let l(x) = -2*x + 10. Suppose 3*y - 6 = -0. Let b be l(y). Let h(i) = -i**3 + 6*i**2 + i. What is h(b)?
6
Let g(c) = 7*c - 3. Let x = 291 - 286. Let o be x/(2/((-12)/(-10))). Determine g(o).
18
Let l(a) = a**3 + 6*a**2 + 5*a - 4. Let n = -126 - -156. Suppose 4*g + 105 = g. Let b = n + g. Calculate l(b).
-4
Suppose -5*u + 2*r + 13 = -0*r, 4 = 2*u - 2*r. Let w(v) = 8*v + 24. Let j be w(-3). Let d(z) = u + j*z + 0*z - z + 0. Determine d(4).
-1
Suppose -7*q - 5*u + 69 + 28 = 0, -2*u + 8 = 0. Let d(z) = 2*z - 47. Calculate d(q).
-25
Suppose -276*o + 124 = -272*o. Let v(z) = -3*z - 6 - 7 + o - 3. Give v(5).
0
Let v(s) = -10*s**2 - s. Let u(z) = -69 + 10 - 8 - 3 + 3*z + z. Let j be u(18). Determine v(j).
-42
Let r(i) = i - 12. Let o(f) = 11. Let x = -345 + 347. Let z(h) = x*r(h) + 3*o(h). Determine z(-7).
-5
Let p = 108 + -24. Let a = 86 - p. Let y(d) = 2*d**3 + 2*d**2 - 4*d + 3. What is y(a)?
19
Let h(b) = -63*b - 185. Let w be ((-390)/(-455))/(-2 + (-36)/(-21)). What is h(w)?
4
Suppose -102 = -3*q + 5*z - 96, -2*q = -5*z - 4. Let d(h) = -8*h**2 - 7*h + 4 - 7*h**2 + 17*h**2 + q*h. Determine d(4).
16
Let u(l) = l**2 + 10*l - 6. Let i(c) = -c**3 + 4*c**2 + 222*c - 22. Let g be i(17). Give u(g).
-31
Let s(u) = 0*u**2 + 436 - 435 - 2*u**2 - 6*u**3. Suppose 0 = 5*d - 10 - 10. Let o be d/(7 + -3)*-1. Determine s(o).
5
Let q be 18/(-30) - ((-4)/18 - 304/90). Suppose -2*g + 3*g = 0. Let u(o) = -543*o**q + 4*o**2 + 542*o**3 - 2*o - 4 + g. Give u(3).
-1
Let j(d) be the second derivative of 17*d**3/6 + 9*d**2/2 - 1989*d. What is j(-3)?
-42
Let h(b) be the third derivative of -3*b**4/8 - 7*b**3 - 2532*b**2. Calculate h(-8).
30
Let f = -3 + 6. Suppose 3*q - 9 = 0, -30*r + 4*q + 23 = -25*r. Let z(c) = 19 + c - 14 - r. Give z(f).
1
Let n(p) = -p**2 + 3*p + 2. Suppose 6*y - 2*y = -5*r + 199, 0 = 5*y + 20. Suppose 0 = -5*v - 23 + r. What is n(v)?
-2
Let x(g) be the second derivative of g**6/360 - g**5/30 - g**4/24 - 35*g**3/6 - 5*g - 1. Let r(y) be the second derivative of x(y). Give r(6).
11
Let g(c) = c**2 + 6*c + 1. Suppose 0 = 18*a + 287 + 1405. Let v = -98 - a. Give g(v).
-7
Let l(h) = -h**3 + 7*h**2 - 10*h - 3. Suppose -p = -7*p - 342. Let t = -52 - p. Let i be l(t). Let f(d) = d**3 + 4*d**2 - d - 4. Determine f(i).
8
Let k(l) = 1842*l**2 + 25*l - 7365*l**2 + 1841*l**2 + 1845*l**2 - 26 + 1844*l**2. What is k(1)?
6
Let p = 347 + -352. Let j be 12/(((-4)/16)/(p/(-30))). Let s(v) = v**3 + 7*v**2 - 11*v - 5. What is s(j)?
19
Suppose 4*i - 64 = -80, -3*i - 21 = m. Let z(g) = 23*g + 4*g**2 - 5*g**2 - 28*g + 8. Calculate z(m).
-28
Let t(u) = 8*u**2 - 6*u - 20 + 12*u**2 - 19*u**2. Let g be t(8). Let b be (-45)/12 - g/(-16). Let k(l) = l**2 + 3*l. What is k(b)?
4
Let f(o) = 71*o**2 - 85 - 70*o**2 + 39 + 13*o. What is f(3)?
2
Let t be 1 - 80/90 - (-6698)/(-18). Let d = 374 + t. Let y(i) = -2*i - 2. Calculate y(d).
-6
Let s(z) = 2*z**2 + 2*z + 3. Let h(d) = 5*d**2 - 12*d + 13. Let a(y) = h(y) - 2*s(y). Give a(6).
-53
Let d(x) = -20*x**2 + 2*x**3 + 776 - 799 + 184*x - 204*x. Calculate d(11).
-1
Let n(f) be the third derivative of f**5/60 - f**4/12 - f**3/2 + f**2. Let j = -188877 + 188883. What is n(j)?
21
Let w(c) = -12*c**2 + 5*c + 5. Let p(v) = 2*v**3 - 63*v**2 - 107*v + 262. Let a be p(33). Determine w(a).
-53
Let a(c) = c**2 + 6*c - 70. Let g be a(6). Let p(z) = -3 - 3*z - 9 + 2 - g*z + 0. Calculate p(-2).
0
Let t(w) be the first derivative of -8*w**2 - 199*w + 6805. Determine t(-11).
-23
Let c(p) be the third derivative of -p**5/10 + 5*p**4/24 + 4*p**3/3 + 1892*p**2. Give c(-3).
-61
Let l(o) = 11 + 2*o - 30*o**2 + 14*o**2 + 15*o**2 + 0 + 7*o. Give l(9).
11
Let w = -124 + 138. Suppose 13*y = w*y. Let x(t) = -t**2 + t - 19. Give x(y).
-19
Let f(o) = -4*o - 9. Let u be f(-3). Suppose -5*k + 2*q + 12 = 6*q, -3*q + 6 = u*k. Let a(r) = 14*r - 3 - 25*r + 14*r - r**2. Determine a(k).
-7
Let f = 60/29 + 25/58. Let w(z) be the second derivative of 0 - f*z**2 - 7*z - 1/6*z**3. Give w(0).
-5
Let w(n) be the third derivative of -n**6/120 - n**5/10 - 7*n**4/24 - 5*n**3/6 - 2*n**2. Let l(q) = 11*q - 862. Let f be l(78). What is w(f)?
-9
Let s be (1/2)/((-7)/56). Let z(u) = 7*u + 1. Let l(o) = -10*o - 15*o + 27*o. Let h(x) = -6*l(x) + 2*z(x). Determine h(s).
-6
Let h(y) = -19*y + 74*y**3 + 45*y**2 - 73*y**3 - 33*y**2 - 11 + 37*y. What is h(-7)?
108
Let u(m) = 10*m + 160 - 4